 + 355. What is the remainder when 162 is divided by r?
17
Suppose -3*l + l = -146. Calculate the remainder when l is divided by 40.
33
Suppose -24*y + 891 = -13*y. Let t = 84 - y. Calculate the remainder when 26 is divided by t.
2
Let x = 668 - 638. What is the remainder when 172 is divided by x?
22
Let u be (-4)/10*(4 + -29)*1. What is the remainder when ((-112)/35)/((-2)/u) is divided by 6?
4
Suppose 0 = -17*o - 105 + 564. What is the remainder when 43 is divided by o?
16
Suppose -4*w + 3*b = -43, 5*b - 4*b = 3. Suppose -3*y - 5*c + 115 = 17, -5*c + 62 = 2*y. What is the remainder when y is divided by w?
10
Let w = 443 - 228. What is the remainder when w is divided by 32?
23
Let w = -205 - -200. Let c(s) = 7 + 3*s**2 - s - 4*s**2 - 4*s. What is the remainder when 20 is divided by c(w)?
6
Let p(m) = 0 + 13*m - 2 - 8. Calculate the remainder when p(13) is divided by 32.
31
Let o be 8/36 + (-1768)/18. Let d = 166 + o. What is the remainder when d is divided by 18?
14
Suppose 5*f = -17*g + 16*g + 74, -3*g - 4*f + 178 = 0. Calculate the remainder when g is divided by 11.
10
Let t = -30 - -60. Suppose -32*v + 76 = -t*v. Calculate the remainder when 151 is divided by v.
37
Suppose 0 = -5*o + 2*o + 4*d - 16, -18 = 3*o - 3*d. Let p = -1 - o. What is the remainder when 225/30*16/10 is divided by p?
5
Let v = -1 - -2. Let n(t) = t**3 + 6*t**2 - 3*t + 5. Let s be n(-5). What is the remainder when 78 is divided by 50/v*18/s?
18
What is the remainder when (-1497)/(-21) + 12/(-42) is divided by 31?
9
Calculate the remainder when 363 is divided by (11 - (-752)/(-64))*(1 - 61).
3
Let q(v) = -v**3 + 30*v**2 - 26*v - 66. Calculate the remainder when 49 is divided by q(29).
7
Let t(i) = 2*i. Let w(q) = 69*q - 17. Let c(f) = -2*t(f) + w(f). Calculate the remainder when c(3) is divided by 45.
43
Let w = 8 + -1. Suppose w*z - 2*z = 15. Let c = 229 + -222. Calculate the remainder when c is divided by z.
1
Let v be (0 + 2)/((-4)/6). Let f(m) = -2*m - 1. What is the remainder when f(v) is divided by ((-21)/(-56))/(-1)*-8?
2
Suppose -20*u - 10*u = -390. What is the remainder when 348 is divided by u?
10
Let i = -4 - -3. Let j(k) = -2*k**3 + k**2. Calculate the remainder when 1*(60/4)/3 is divided by j(i).
2
Suppose -z + 33 = 2*f, 0*z - 2*z - 39 = -3*f. Suppose -5*k - 6*k + 462 = 0. Calculate the remainder when k is divided by f.
12
Let g = -60 - -53. Let y(j) = j**3 + 8*j**2 + 4*j - 12. What is the remainder when 23 is divided by y(g)?
5
Let n(x) = 13*x**2 - 90*x + 2. Let z be (-1 - (-123)/(-6))*-2. Let r = z + -19. What is the remainder when r is divided by n(7)?
6
Let j(h) = h**3 + 6*h**2 + 4*h - 5. Suppose -l - 2*l = 66. Let b be l/6 - (-4)/(-12). Calculate the remainder when 42 is divided by j(b).
9
Let i(g) = 20*g - 681. Calculate the remainder when 108 is divided by i(35).
13
Suppose 0 = -z - 0*z + 6. Suppose 2*x - z = 2. Suppose x*j = o + o - 18, 0 = -5*o - 2*j + 69. What is the remainder when 49 is divided by o?
10
Let q = 57 - 54. Suppose 0 = -d + 16 - q. Calculate the remainder when 50 is divided by d.
11
Let r = 111 - 113. What is the remainder when 5/r*16*-2 is divided by 27?
26
Suppose 0 = -6*q + 498 + 96. What is the remainder when q is divided by 25?
24
Let m(v) = -v**2 - 3*v - 3. Let r be m(-4). Let g(s) = -6*s - 12. Let n be g(r). Let x = -18 + n. What is the remainder when 46 is divided by x?
10
What is the remainder when ((-8)/6)/((-2)/93) is divided by -1 + (123/6 - -1) + (-65)/(-130)?
20
Let q = 17 - -32. What is the remainder when 65 is divided by q?
16
Let g = -50 - -90. Calculate the remainder when (g/25)/((-3)/(-15)) is divided by 2.
0
Let d(q) be the first derivative of q**3/3 + 3*q**2 + 14*q + 16. What is the remainder when d(-4) is divided by 2?
0
What is the remainder when (-22)/143 - (-1 - 4864/13) is divided by 42?
39
Let a be 44/198 - ((-4)/(-18))/1. Suppose 3*d = 5*s - 95, a*d = -3*d. Calculate the remainder when s is divided by 4.
3
Let p(v) = -2*v - 15. Let f be p(-13). Let o(m) = m + f - m + m + 2*m. Calculate the remainder when o(6) is divided by 17.
12
Suppose 0 = -4*o + 102 + 250. Let s = o - 26. Suppose -k = -s + 4. What is the remainder when k is divided by 12?
10
Let f be 184/7 + (-12)/42. Let j = 33 - f. Calculate the remainder when j is divided by 1.
0
Suppose 0 = 19*p - 20*p + 5. Suppose -p*g - 4 = -159. Calculate the remainder when 6*3/((-6)/(-41)) is divided by g.
30
Let v(o) = -o**2 - o. Let i(r) = 3*r**2 - 4*r + 2. Let s(p) = i(p) + 4*v(p). What is the remainder when 48 is divided by s(-5)?
14
Let z(n) = -n**2 + 3*n + 3. Let x be z(5). Calculate the remainder when ((-2)/6)/(x/483) is divided by 12.
11
Let z(b) = 2*b**3 - 22*b**2 + 11*b - 38. What is the remainder when 161 is divided by z(11)?
78
Let w(d) = 2*d + 68. Calculate the remainder when w(4) is divided by 8.
4
Suppose 44*i - 1951 = 1085. Calculate the remainder when i is divided by ((-1)/(-2))/((-1)/(-36)).
15
Let u(w) = -w**2 + w + 2. Let i(o) = o**2 - 2*o - 15. Let t be i(5). Let s be u(t). Calculate the remainder when (56/(-12))/(s/(-3)) is divided by 6.
1
Let p be (-188 + 8)*2/(-4). Let v(u) = -p*u + 98*u - 1 + 0. Calculate the remainder when 12 is divided by v(1).
5
Suppose 2*w + w = 5*y - 461, 3*w - 358 = -4*y. What is the remainder when 366 is divided by y?
2
Let u be 1 + 2 - (4 + (1 - 7)). Suppose -60 + 5 = -u*t. What is the remainder when 18 is divided by t?
7
Suppose 13*z + 111 - 865 = 0. What is the remainder when z is divided by 5?
3
Let s = -18 - -4. Let j = s + 18. Suppose l = -4*q + 3*l + 88, 3*q - 77 = -j*l. What is the remainder when q is divided by 9?
5
Let p = 3804 - 2299. Calculate the remainder when p is divided by 52.
49
Let d(b) = -230*b**3 - 2*b**2 - 4*b - 3. What is the remainder when d(-1) is divided by 23?
22
What is the remainder when 226 is divided by (-3 + 1)/(2650/380 + -7)?
74
Let f(a) = -8*a - 5. Let b be f(-5). Suppose -b = -2*i - 27. What is the remainder when 14 is divided by i?
2
Let k = 35 + -34. Suppose -5*y = -2*i + 4*i - 75, y - 4*i - 37 = 0. Calculate the remainder when y is divided by k/(2/(-20) - (-1)/5).
7
Suppose -t + 8 = -3*t, -t = -4*y + 24. Suppose -y*d - 58 = -7*d. Let v = -52 + 67. Calculate the remainder when d is divided by v.
14
Suppose 4*y = 4*x - 0*x - 128, -3*x + 90 = 3*y. Suppose -2*q = x - 77. Suppose -10*z + 18 = -32. Calculate the remainder when q is divided by z.
3
Let o(v) = -7*v**2 + 2*v**2 + 5 - 4*v**3 + 5*v**3 - 18 + 7*v. What is the remainder when o(6) is divided by 33?
32
Suppose 0 = 3*h - 2*o - 512, -o + 500 = 3*h - 0*o. Let v(k) = 42*k**3 + 4*k**2 - 13*k + 10. Calculate the remainder when h is divided by v(1).
39
Calculate the remainder when 117/6*(-4)/(-6) is divided by (20/(-11) - -2) + 975/143.
6
Let u(i) = -2*i**2 - 28*i - 35. Suppose -7 = -3*j + 5. Suppose -3*k + 9*m + 25 = 4*m, 10 = j*k + 5*m. Calculate the remainder when u(-12) is divided by k.
3
Suppose 7*c - 49 = 49. Calculate the remainder when 53 is divided by c.
11
Suppose 1117 + 586 = 13*c. Suppose -3*t = -l - c, 7*t - 2*t - 5*l - 205 = 0. What is the remainder when t is divided by 11?
1
Calculate the remainder when 24 is divided by (-33)/((-66)/12 + 4).
2
Suppose -9*w = 12*w - 42. Suppose j - 22 = 5*n, j + n - 2 = -w*j. What is the remainder when 27 is divided by j?
1
Suppose -2*x = -0*x - 5*w - 57, 0 = x + w - 18. Let m = x - 12. What is the remainder when 35 is divided by m?
8
Let c(h) = -3*h**2 - 150*h + 12. Calculate the remainder when 239 is divided by c(-50).
11
Calculate the remainder when 39 is divided by 12*(-3)/(-12) + 5.
7
Let o be 5/(-15)*(0 - 135). Suppose 0*u + o = 3*u. What is the remainder when u is divided by 4?
3
Let z = 20 + -10. Let j = 165 + -161. Calculate the remainder when j/(-12)*(-342)/3 is divided by z.
8
Suppose 0*n = -5*q + 3*n + 161, 0 = 4*q + 3*n - 118. Let p = -68 + 119. Let b = p + 10. Calculate the remainder when b is divided by q.
30
Suppose 7*f = 8*f. Suppose 9 = 3*d - f. Suppose -3*y + l = -4, 3*l - 17 = y - l. What is the remainder when d is divided by y?
0
Let h(t) = 5*t**2 - 4*t + 3. Let m be h(1). Suppose 0 = m*f - 0 - 224. What is the remainder when f is divided by 29?
27
Let y(m) = m**3 - 9*m**2 - m - 47. What is the remainder when 252 is divided by y(10)?
37
Let u(o) = -3*o + 25. 